and 14490?
2898
What is the highest common factor of 7183634 and 304?
38
What is the highest common divisor of 1790 and 248223775?
895
What is the highest common factor of 1200 and 13592400?
1200
Calculate the greatest common divisor of 139080 and 535800.
2280
What is the highest common factor of 4323984 and 17136?
5712
What is the highest common divisor of 120775 and 310?
5
What is the greatest common factor of 51004 and 3259902?
622
What is the greatest common factor of 8 and 3932744?
8
What is the highest common factor of 120161 and 1177?
107
Calculate the greatest common factor of 936100 and 78100.
1100
What is the highest common divisor of 40576 and 133888?
128
What is the highest common divisor of 52818116 and 802?
802
Calculate the greatest common factor of 702688 and 2592.
32
What is the highest common divisor of 2424 and 135694308?
1212
What is the greatest common factor of 2169697 and 2587?
199
Calculate the greatest common divisor of 171 and 904168827.
171
What is the greatest common divisor of 2285962 and 182?
14
What is the highest common divisor of 29050385 and 3640?
455
What is the highest common factor of 12265224 and 6?
6
What is the greatest common factor of 110843190 and 5886?
1962
Calculate the greatest common factor of 158120 and 124764586.
7906
Calculate the highest common factor of 3530 and 33619367.
353
What is the highest common factor of 9456 and 49680?
48
Calculate the highest common factor of 186867 and 70940250.
6921
What is the highest common divisor of 186508 and 22778?
14
What is the highest common divisor of 26580776 and 2144?
536
Calculate the greatest common divisor of 984 and 3974664.
24
What is the greatest common divisor of 185054 and 353894?
134
Calculate the greatest common divisor of 2073 and 46976944.
691
Calculate the highest common factor of 2135644 and 445.
89
What is the greatest common factor of 2398 and 17022203?
1199
What is the highest common factor of 276675 and 4281900?
525
Calculate the greatest common divisor of 357 and 22263717.
21
What is the highest common factor of 28341203 and 55?
11
Calculate the highest common divisor of 11690 and 222084950.
1670
Calculate the greatest common factor of 35144 and 2590904.
184
What is the greatest common divisor of 4314933 and 17661?
21
What is the greatest common divisor of 3374 and 140?
14
Calculate the highest common divisor of 126 and 390127094.
14
Calculate the highest common factor of 22 and 2936439.
11
What is the highest common factor of 95 and 630598315?
95
What is the greatest common factor of 229245 and 19375?
155
What is the greatest common factor of 5033 and 4439?
1
Calculate the greatest common divisor of 12530 and 33575030.
1790
Calculate the highest common factor of 25815008 and 544.
32
What is the greatest common divisor of 6368462 and 6981?
179
Calculate the highest common factor of 4498 and 174570148.
346
Calculate the highest common factor of 148652 and 33838.
14
Calculate the greatest common divisor of 1271122074 and 3501.
3501
What is the highest common divisor of 152802 and 6717411?
5877
What is the greatest common factor of 36 and 464884?
4
What is the greatest common divisor of 1434 and 118976112?
1434
Calculate the highest common divisor of 7120694 and 28.
14
What is the greatest common divisor of 209963 and 240702?
521
Calculate the highest common factor of 529226150 and 136.
34
What is the highest common divisor of 189 and 11781756?
63
Calculate the highest common divisor of 50219 and 79963.
13
What is the highest common divisor of 3442754 and 1652?
14
Calculate the greatest common divisor of 19518796 and 396.
44
What is the greatest common divisor of 79254976 and 3798?
422
Calculate the highest common divisor of 2349840 and 4560.
240
What is the greatest common factor of 7375 and 36765?
5
Calculate the greatest common divisor of 1940 and 22175170.
970
Calculate the highest common factor of 786210137 and 15621.
5207
What is the highest common divisor of 1202 and 5152974?
1202
What is the greatest common factor of 4808 and 5752?
8
Calculate the highest common factor of 250937 and 19851.
509
Calculate the greatest common factor of 2399 and 4777.
1
Calculate the highest common factor of 1111822416 and 261.
261
What is the greatest common factor of 502066179 and 27?
9
Calculate the highest common divisor of 229972716 and 4405.
881
Calculate the highest common divisor of 3270 and 72176094.
654
Calculate the greatest common divisor of 104 and 1071008.
8
Calculate the highest common factor of 2479596 and 62916.
588
What is the highest common factor of 2674 and 26203863?
1337
Calculate the greatest common divisor of 105 and 368585.
35
Calculate the highest common divisor of 1796013 and 68853.
1167
Calculate the highest common factor of 348 and 1493357436.
348
What is the greatest common divisor of 112 and 507316?
4
What is the greatest common factor of 38344 and 682?
2
Calculate the highest common divisor of 3632390 and 293564.
1858
What is the greatest common factor of 16576 and 5750528?
448
What is the highest common divisor of 1272 and 18699831?
159
What is the greatest common factor of 73576 and 5890408?
4328
Calculate the highest common factor of 2266666479 and 7.
7
What is the greatest common divisor of 34856 and 38?
2
What is the highest common divisor of 196736 and 61268?
212
What is the highest common divisor of 3770 and 6823265?
145
Calculate the greatest common factor of 960624 and 64.
16
Calculate the highest common factor of 75950 and 242606.
434
Calculate the greatest common factor of 9909058 and 2386.
2386
Calculate the highest common factor of 920 and 1196770.
10
Calculate the greatest common factor of 5770 and 444183255.
2885
Calculate the highest common divisor of 8254778 and 322.
14
Calculate the highest common factor of 35988474 and 18.
6
What is the greatest common divisor of 73207962 and 378?
54
What is the highest common divisor of 5910744 and 1566474?
6342
Calculate the highest common divisor of 5751136 and 31376.
848
Calculate the highest common factor of 42189 and 102361.
49
Calculate the greatest common factor of 2280 and 68168960.
760
What is the greatest common factor of 12 and 7174276?
4
Calculate the highest common factor of 47264 and 68656.
112
What is the greatest common factor of 1735 and 1114564?
347
Calculate the greatest common divisor of 342386 and 219458.
394
Calculate the highest common factor of 7139664 and 243.
81
Calculate the greatest common divisor of 2660 and 1044782564.
532
Calculate the greatest common divisor of 8867849 and 2050.
41
What is the greatest common factor of 76 and 296058152?
76
What is the highest common divisor of 29240 and 2892?
4
Calculate the highest common divisor of 50861070 and 4095.
585
Calculate the highest common divisor of 20180 and 511660.
20
What is the greatest common factor of 215 and 27670?
5
Calculate the highest common factor of 136 and 70611812.
68
What is the greatest common divisor of 44856974 and 6254?
106
What is the highest common divisor of 21241 and 24456115?
1931
Calculate the highest common factor of 104 and 1309341072.
104
What is the highest common factor of 5470272 and 351?
9
What is the greatest common divisor of 48807 and 484938?
261
What is the greatest common factor of 5266494000 and 1200?
1200
Calculate the greatest common factor of 16 and 6296116.
4
What is the greatest common divisor of 12896 and 1176884?
124
Calculate the highest common factor of 30294 and 492492.
66
What is the greatest common divisor of 148160 and 1210880?
320
What is the highest common divisor of 258 and 891734?
86
What is the highest common divisor of 226 and 74021554?
226
Calculate the greatest common factor of 19 and 21995388.
19
Calculate the highest common divisor of 784709 and 405371.
3719
Calculate the highest common divisor of 46 and 722453.
23
What is the highest common divisor of 41344 and 12444?
68
Calculate the highest common divisor of 47 and 90982083.
47
Calculate the greatest common divisor of 19531416 and 387573.
2829
What is the highest common factor of 132768 and 36416?
32
Calculate the greatest common factor of 1211941 and 1112.
139
Calculate the highest common factor of 58206822 and 6.
6
Calculate the highest common divisor of 21057852 and